{"id":39950,"date":"2025-09-28T05:27:22","date_gmt":"2025-09-28T03:27:22","guid":{"rendered":"https:\/\/tienda.cromavite.com\/index.php\/producto\/pareo-toalla-tirling\/"},"modified":"2025-09-28T05:27:35","modified_gmt":"2025-09-28T03:27:35","slug":"pareo-toalla-tirling","status":"publish","type":"product","link":"https:\/\/tienda.cromavite.com\/index.php\/producto\/pareo-toalla-tirling\/","title":{"rendered":"Pareo Toalla Tirling"},"content":{"rendered":"<p>Suave pareo-toalla de 300 g\/m\u00b2, confeccionado en una combinaci\u00f3n de algod\u00f3n reciclado y poli\u00e9ster reciclado SEAQUAL.Su dise\u00f1o presenta una base en blanco combinada con rayas de color y decorada por distinguidos flecos en los extremos. Incluye etiqueta con dise\u00f1o SEAQUAL, que certifica su origen sostenible y su contribuci\u00f3n a la limpieza de oc\u00e9anos. SEAQUAL INITIATIVE trabaja con colaboradores y autoridades para ayudar a limpiar nuestros oc\u00e9anos. Los residuos marinos de nuestras playas, fondos y superficies oce\u00e1nicas, r\u00edos y estuarios son recogidos por programas de limpieza. Luego se clasifican en diferentes tipos de materiales y la porci\u00f3n de pl\u00e1stico se limpia y se transforma en PL\u00c1STICO MARINO RECICLADO, una materia prima completamente trazable y que crea productos sostenibles e inspiradores. Al elegir productos que contienen PL\u00c1STICO MARINO RECICLADO, est\u00e1s ayudando a limpiar nuestros oc\u00e9anos.JUNTOS POR UN OC\u00c9ANO LIMPIO.<\/p>\n","protected":false},"excerpt":{"rendered":"<p>Pareo Toalla Tirling<\/p>\n","protected":false},"featured_media":39951,"comment_status":"closed","ping_status":"open","template":"","meta":{"site-sidebar-layout":"default","site-content-layout":"","ast-site-content-layout":"","site-content-style":"default","site-sidebar-style":"default","ast-global-header-display":"","ast-banner-title-visibility":"","ast-main-header-display":"","ast-hfb-above-header-display":"","ast-hfb-below-header-display":"","ast-hfb-mobile-header-display":"","site-post-title":"","ast-breadcrumbs-content":"","ast-featured-img":"","footer-sml-layout":"","theme-transparent-header-meta":"","adv-header-id-meta":"","stick-header-meta":"","header-above-stick-meta":"","header-main-stick-meta":"","header-below-stick-meta":"","astra-migrate-meta-layouts":"default","ast-page-background-enabled":"default","ast-page-background-meta":{"desktop":{"background-color":"var(--ast-global-color-4)","background-image":"","background-repeat":"repeat","background-position":"center center","background-size":"auto","background-attachment":"scroll","background-type":"","background-media":"","overlay-type":"","overlay-color":"","overlay-opacity":"","overlay-gradient":""},"tablet":{"background-color":"","background-image":"","background-repeat":"repeat","background-position":"center center","background-size":"auto","background-attachment":"scroll","background-type":"","background-media":"","overlay-type":"","overlay-color":"","overlay-opacity":"","overlay-gradient":""},"mobile":{"background-color":"","background-image":"","background-repeat":"repeat","background-position":"center center","background-size":"auto","background-attachment":"scroll","background-type":"","background-media":"","overlay-type":"","overlay-color":"","overlay-opacity":"","overlay-gradient":""}},"ast-content-background-meta":{"desktop":{"background-color":"var(--ast-global-color-5)","background-image":"","background-repeat":"repeat","background-position":"center center","background-size":"auto","background-attachment":"scroll","background-type":"","background-media":"","overlay-type":"","overlay-color":"","overlay-opacity":"","overlay-gradient":""},"tablet":{"background-color":"var(--ast-global-color-5)","background-image":"","background-repeat":"repeat","background-position":"center center","background-size":"auto","background-attachment":"scroll","background-type":"","background-media":"","overlay-type":"","overlay-color":"","overlay-opacity":"","overlay-gradient":""},"mobile":{"background-color":"var(--ast-global-color-5)","background-image":"","background-repeat":"repeat","background-position":"center center","background-size":"auto","background-attachment":"scroll","background-type":"","background-media":"","overlay-type":"","overlay-color":"","overlay-opacity":"","overlay-gradient":""}}},"product_brand":[],"product_cat":[1096],"product_tag":[427,143],"class_list":{"0":"post-39950","1":"product","2":"type-product","3":"status-publish","4":"has-post-thumbnail","6":"product_cat-verano-y-playa","7":"product_tag-pareo-toalla","8":"product_tag-verano-y-playa","9":"desktop-align-center","10":"tablet-align-left","11":"mobile-align-left","13":"first","14":"instock","15":"product-type-simple"},"_links":{"self":[{"href":"https:\/\/tienda.cromavite.com\/index.php\/wp-json\/wp\/v2\/product\/39950","targetHints":{"allow":["GET"]}}],"collection":[{"href":"https:\/\/tienda.cromavite.com\/index.php\/wp-json\/wp\/v2\/product"}],"about":[{"href":"https:\/\/tienda.cromavite.com\/index.php\/wp-json\/wp\/v2\/types\/product"}],"replies":[{"embeddable":true,"href":"https:\/\/tienda.cromavite.com\/index.php\/wp-json\/wp\/v2\/comments?post=39950"}],"wp:featuredmedia":[{"embeddable":true,"href":"https:\/\/tienda.cromavite.com\/index.php\/wp-json\/wp\/v2\/media\/39951"}],"wp:attachment":[{"href":"https:\/\/tienda.cromavite.com\/index.php\/wp-json\/wp\/v2\/media?parent=39950"}],"wp:term":[{"taxonomy":"product_brand","embeddable":true,"href":"https:\/\/tienda.cromavite.com\/index.php\/wp-json\/wp\/v2\/product_brand?post=39950"},{"taxonomy":"product_cat","embeddable":true,"href":"https:\/\/tienda.cromavite.com\/index.php\/wp-json\/wp\/v2\/product_cat?post=39950"},{"taxonomy":"product_tag","embeddable":true,"href":"https:\/\/tienda.cromavite.com\/index.php\/wp-json\/wp\/v2\/product_tag?post=39950"}],"curies":[{"name":"wp","href":"https:\/\/api.w.org\/{rel}","templated":true}]}}